what is -3 - 11043?
-11101
In base 10, what is -12 + -4?
-16
In base 6, what is 33113 + 0?
33113
In base 11, what is -33 + 42?
a
In base 10, what is 7 - 669?
-662
In base 16, what is -13 + 8?
-b
In base 11, what is -249a + 0?
-249a
In base 13, what is 545 - -1?
546
In base 13, what is -3 - a14?
-a17
In base 15, what is -2c - 2?
-2e
In base 7, what is -1323 - -1?
-1322
In base 14, what is a94 - 4?
a90
In base 13, what is -264 - -3?
-261
In base 7, what is -1 + 14250?
14246
In base 4, what is -1 + 2333?
2332
In base 16, what is -16 - 1?
-17
In base 4, what is 102022 + 0?
102022
In base 12, what is -37 + -3?
-3a
In base 8, what is 7 + -60?
-51
In base 5, what is -2343 - 2?
-2400
In base 11, what is 1622 + -5?
1618
In base 8, what is 21215 + -1?
21214
In base 12, what is 3 - -487?
48a
In base 8, what is -4 + -626?
-632
In base 15, what is -7e + -4?
-83
In base 10, what is 227 - -29?
256
In base 8, what is 401 + 5?
406
In base 4, what is 0 - -2223?
2223
In base 10, what is 5 - 52?
-47
In base 12, what is 2 + 142?
144
In base 3, what is -10 + -21212020?
-21212100
In base 8, what is -3 - 412?
-415
In base 15, what is -3 - a27?
-a2a
In base 9, what is 45 + -232?
-176
In base 7, what is 30045 + 4?
30052
In base 14, what is -312b - -2?
-3129
In base 13, what is -3 + 483?
480
In base 16, what is 4d - -14?
61
In base 9, what is 2 + -44?
-42
In base 7, what is -5 - -143?
135
In base 8, what is -16 - -42?
24
In base 3, what is 101021 - 10?
101011
In base 7, what is 0 - -20?
20
In base 11, what is -5 + 78?
73
In base 6, what is -1 - 1303?
-1304
In base 9, what is -6 - -22?
15
In base 11, what is -568 + 5?
-563
In base 3, what is -1 - 20?
-21
In base 12, what is 4 - -34?
38
In base 3, what is 21021 - 20110?
211
In base 9, what is 84 - 22?
62
In base 16, what is -24ac + 2?
-24aa
In base 14, what is 0 - -a39?
a39
In base 10, what is 112 - -5?
117
In base 8, what is -452 - -102?
-350
In base 8, what is -71 - 32?
-123
In base 8, what is 1755 - 6?
1747
In base 3, what is -1 - -1101202?
1101201
In base 2, what is 111 - 10000101001?
-10000100010
In base 14, what is -33c - -3?
-339
In base 7, what is -1634 - 2?
-1636
In base 10, what is -7 + 88?
81
In base 13, what is 2 - 545?
-543
In base 15, what is 2 - -42?
44
In base 14, what is 3 - -b1?
b4
In base 7, what is 1 + -222?
-221
In base 14, what is -3 + 32?
2d
In base 10, what is 1377 + 3?
1380
In base 6, what is -13305 + 3?
-13302
In base 6, what is -22 - -4?
-14
In base 13, what is -2b + 29?
-2
In base 7, what is -3 + 1045?
1042
In base 3, what is 2222020 + 10?
2222100
In base 9, what is 1 + -3254?
-3253
In base 8, what is -3 + -35?
-40
In base 5, what is 3 - 110?
-102
In base 8, what is -2501 + -2?
-2503
In base 13, what is -a + 8?
-2
In base 12, what is -a38 - -4?
-a34
In base 13, what is 35 - 2?
33
In base 8, what is 56 + 145?
223
In base 10, what is -918 - 0?
-918
In base 8, what is -4175 + 0?
-4175
In base 15, what is 4 + 15c?
161
In base 6, what is 0 - -142?
142
In base 8, what is 300 + -4?
274
In base 15, what is -804 - -8?
-7eb
In base 6, what is -13 + 11?
-2
In base 6, what is 124 - -2?
130
In base 16, what is 26 + 8f?
b5
In base 6, what is -1 + 21431?
21430
In base 6, what is -200 + -25?
-225
In base 12, what is -1 + -84?
-85
In base 7, what is 155605 + 4?
155612
In base 7, what is 13164 + 0?
13164
In base 10, what is -1 + 214?
213
In base 8, what is -24 - -64?
40
In base 15, what is -26 - -65?
3e
In base 16, what is -50 + 13?
-3d
In base 8, what is -477 - 4?
-503
In base 4, what is 11223 - -10?
11233
In base 5, what is 2 - 214?
-212
In base 14, what is -d - 1?
-10
In base 15, what is -ced - -3?
-cea
In base 14, what is 4 + 1dd?
203
In base 15, what is -72 - -4?
-6d
In base 12, what is 38 + -3?
35
In base 5, what is -42 - 4?
-101
In base 2, what is 110 + 100001?
100111
In base 4, what is -231 + 20?
-211
In base 11, what is 12487 - -4?
12490
In base 2, what is 100 - 1011?
-111
In base 8, what is 5 - 61?
-54
In base 10, what is 2 + -107?
-105
In base 3, what is -221010 + 11?
-220222
In base 4, what is 1 - 1030?
-1023
In base 4, what is -1 + -1120?
-1121
In base 7, what is -13 - 25?
-41
In base 2, what is 10011010110 + -10?
10011010100
In base 15, what is e - 19e?
-190
In base 6, what is -5 + -444?
-453
In base 10, what is 119 + -165?
-46
In base 14, what is 649 + 3?
64c
In base 11, what is 9085 - -4?
9089
In base 5, what is 33041 - -24?
33120
In base 9, what is 6 + -2625?
-2618
In base 5, what is -4 + -1422?
-1431
In base 6, what is -4235 + 0?
-4235
In base 10, what is -231 + 25?
-206
In base 15, what is -11 + -39?
-4a
In base 10, what is 0 - 166?
-166
In base 2, what is -1111 - 0?
-1111
In base 5, what is -14414 + 3?
-14411
In base 16, what is -2 - 17b5?
-17b7
In base 9, what is 3 - -153?
156
In base 8, what is -3 + 37?
34
In base 8, what is -300 + -2?
-302
In base 11, what is -244 - 2?
-246
In base 10, what is -13 + -769?
-782
In base 6, what is -331 + 411?
40
In base 13, what is -7 + -102?
-109
In base 10, what is 54 - 1?
53
In base 8, what is 17 - -307?
326
In base 12, what is b1 - 3?
aa
In base 4, what is 3100 - -33?
3133
In base 16, what is 5 + -a59?
-a54
In base 15, what is d9 - 7e?
5a
In base 6, what is -2 + -3313?
-3315
In base 12, what is 43b + -12?
429
In base 7, what is -3 - 1221?
-1224
In base 13, what is 5 - 5b?
-56
In base 2, what is -1110 + -101001?
-110111
In base 5, what is 2 - -300?
302
In base 7, what is -3 + -5121?
-5124
In base 10, what is 4 + 9?
13
In base 10, what is 279 - 46?
233
In base 3, what is -220 + -2022?
-10012
In base 16, what is -8 + -20?
-28
In base 2, what is -100 - 11000100?
-11001000
In base 14, what is 5 + -d28?
-d23
In base 16, what is 154 + 2?
156
In base 4, what is 201 - -13?
220
In base 4, what is 130220 - 3?
130211
In base 7, what is 4 - 3124?
-3120
In base 7, what is -15503 - -5?
-15465
In base 13, what is 2 - 805?
-803
In base 5, what is 4 - -111433?
111442
In base 12, what is 0 - 18a?
-18a
In base 12, what is -3 - -39?
36
In base 14, what is -15 - -c3?
ac
In base 12, what is 1 + 272?
273
In base 9, what is 4 - 30?
-25
In base 12, what is 8 - 7a?
-72
In base 15, what is -41 + e?
-32
In base 13, what is 5 - 33?
-2b
In base 14, what is 73 - 1a?
57
In base 3, what is -111 + -11021?
-11202
In base 12, what is 20 - 51?
-31
In base 12, what is -4 + -88a?
-892
In base 16, what is b + 1?
c
In base 9, what is 108 - 5?
103
In base 15, what is -1bb + 24?
-197
In base 6, what is 100 - -3?
103
In base 16, what is -2 - 1f?
-21
In base 12, what is 1b + -15?
6
In base 8, what is -1 + -6550?
-6551
In base 12, what is 0 + 2a0?
2a0
In base 11, what is -3a - -22?
-18
In base 9, what is -2 - 106?
-108
In base 12, what is 16 + -17?
-1
In base 15, what is -12 - -1a?
8
In base 16, what is 39 + b0?
e9
In base 6, what is 41043 + 3?
41050
In base 12, what is 59 - -2?
5b
In base 6, what is 235 + -213?
22
In base 6, what is 100 - -12?
112
In base 15, what is 5 - a07?
-a02
In base 14, what is 62 - 33?
2d
In base 2, what is 110011 - 111?
101100
In base 3, what is 10010 + -21?
2212
In base 9, what is -2566 + -2?
-2568
In base 14, what is -5 - -11b?
116
In base 9, what is 1 + -3201?
-3200
In base 8, what is -564 - 3?
-567
In base 5, what is -34101 + 3?
-34043
In base 8, what is 31730 + 1?
31731
In base 12, what is -18b - -2?
-189
In base 7, what is 0 + -66?
-66
In base 7, what is 5 - 42?
-34
In base 5, what is -1130 + 1?
-1124
In base 11, what is 4 + 12?
16
In base 8, what is -3133 - 5?
-3140
In base 16, what is -3f6 - -4?
-3f2
In base 13, what is -24b + -3?
-251
In base 15, what is -166 - 0?
-166
In base 12, what is 4a + -10?
3a
In base 13, what is 1 + 1a59?
1a5a
In base 8, what is 4 + -173?
-167
In base 2, what is -101010001 - -11010?
-100110111
In base 5, what is -3 - 31?
-34
In base 9, what is 1 + -56?
-55
In base 2, what is -11 + -10?
-101
In base 6, what is 1 - 4231?
-4230
In base 10, what is 5 - 94?
-89
In base 12, what is -7 + a8?
a1
In base 5, what is -30040 - 24?
-30114
In base 12, what is 5 - -30?
35
In base 3, what is -20 - 10100?
-10120
In base 10, what is -3774 - -4?
-3770
In base 4, what is 1 - 3101?
-3100
In base 9, what is 338 + -75?
253
In base 5, what is 1103 + 2?
1110
In base 15, what is 3 + 149b?
149e
In base 2, what is -1001110 + 100?
-1001010
In base 11, what is 2 - 